{"id":3956,"date":"2024-11-26T16:29:11","date_gmt":"2024-11-26T13:29:11","guid":{"rendered":"https:\/\/lemienjewelry.com\/?post_type=product&#038;p=3956"},"modified":"2024-12-09T22:45:40","modified_gmt":"2024-12-09T19:45:40","slug":"kolye-15","status":"publish","type":"product","link":"https:\/\/lemienjewelry.com\/?product=kolye-15","title":{"rendered":"Silver Burgu \u00c7elik Kolye 60 Cm"},"content":{"rendered":"","protected":false},"excerpt":{"rendered":"<div class=\"flex justify-between items-center\"><span class=\"title\">\u00dcr\u00fcn A\u00e7\u0131klamas\u0131<\/span><\/div>\n<ul>\n<li class=\"tab-content\">Kolye Uzunlu\u011fu: 60 cm<\/li>\n<li class=\"tab-content\">Materyal: \u00c7elik<\/li>\n<li class=\"tab-content\">Renk: Silver (G\u00fcm\u00fc\u015f)<\/li>\n<li class=\"tab-content\">Premium Kalite 316L Cerrahi \u00c7elik Malzemeden \u00dcretilmi\u015ftir<\/li>\n<li class=\"tab-content\">Antialerjiktir. Tende K\u0131zar\u0131kl\u0131k, Yara, Ka\u015f\u0131nt\u0131 Yapmaz- G\u00fcnl\u00fck Kullan\u0131ma Uygundur<\/li>\n<\/ul>\n","protected":false},"featured_media":3957,"template":"","meta":[],"product_brand":[],"product_cat":[105],"product_tag":[104,100,106],"class_list":{"0":"post-3956","1":"product","2":"type-product","3":"status-publish","4":"has-post-thumbnail","6":"product_cat-kolye","7":"product_tag-aksesuar","8":"product_tag-dugun","9":"product_tag-kolye","12":"instock","13":"taxable","14":"shipping-taxable","15":"purchasable","16":"product-type-simple"},"_links":{"self":[{"href":"https:\/\/lemienjewelry.com\/index.php?rest_route=\/wp\/v2\/product\/3956","targetHints":{"allow":["GET"]}}],"collection":[{"href":"https:\/\/lemienjewelry.com\/index.php?rest_route=\/wp\/v2\/product"}],"about":[{"href":"https:\/\/lemienjewelry.com\/index.php?rest_route=\/wp\/v2\/types\/product"}],"version-history":[{"count":4,"href":"https:\/\/lemienjewelry.com\/index.php?rest_route=\/wp\/v2\/product\/3956\/revisions"}],"predecessor-version":[{"id":4376,"href":"https:\/\/lemienjewelry.com\/index.php?rest_route=\/wp\/v2\/product\/3956\/revisions\/4376"}],"wp:featuredmedia":[{"embeddable":true,"href":"https:\/\/lemienjewelry.com\/index.php?rest_route=\/wp\/v2\/media\/3957"}],"wp:attachment":[{"href":"https:\/\/lemienjewelry.com\/index.php?rest_route=%2Fwp%2Fv2%2Fmedia&parent=3956"}],"wp:term":[{"taxonomy":"product_brand","embeddable":true,"href":"https:\/\/lemienjewelry.com\/index.php?rest_route=%2Fwp%2Fv2%2Fproduct_brand&post=3956"},{"taxonomy":"product_cat","embeddable":true,"href":"https:\/\/lemienjewelry.com\/index.php?rest_route=%2Fwp%2Fv2%2Fproduct_cat&post=3956"},{"taxonomy":"product_tag","embeddable":true,"href":"https:\/\/lemienjewelry.com\/index.php?rest_route=%2Fwp%2Fv2%2Fproduct_tag&post=3956"}],"curies":[{"name":"wp","href":"https:\/\/api.w.org\/{rel}","templated":true}]}}