{"id":3887,"date":"2024-11-26T16:03:35","date_gmt":"2024-11-26T13:03:35","guid":{"rendered":"https:\/\/lemienjewelry.com\/?post_type=product&#038;p=3887"},"modified":"2024-12-09T22:44:04","modified_gmt":"2024-12-09T19:44:04","slug":"bileklik-17","status":"publish","type":"product","link":"https:\/\/lemienjewelry.com\/?product=bileklik-17","title":{"rendered":"Large Casual Gold Ajda \u00c7elik Kelep\u00e7e Bilezik"},"content":{"rendered":"","protected":false},"excerpt":{"rendered":"<div class=\"flex justify-between items-center\"><span class=\"title\">\u00dcr\u00fcn A\u00e7\u0131klamas\u0131<\/span><\/div>\n<div><\/div>\n<ul>\n<li class=\"tab-content\">Bilek Etraf\u0131 \u00d6l\u00e7\u00fcs\u00fc: 20,5 cm<\/li>\n<li class=\"tab-content\">Detay: 3 Adet Bilezik<\/li>\n<li class=\"tab-content\">Renk: Gold (Alt\u0131n)- Kal\u0131n Bilekler \u0130\u00e7in Uygun De\u011fildir<\/li>\n<li class=\"tab-content\">Premium Kalite 316L Cerrahi \u00c7elik Malzemeden \u00dcretilmi\u015ftir<\/li>\n<li class=\"tab-content\">Antialerjiktir. Tende K\u0131zar\u0131kl\u0131k, Yara, Ka\u015f\u0131nt\u0131 Yapmaz<\/li>\n<\/ul>\n","protected":false},"featured_media":3888,"template":"","meta":[],"product_brand":[],"product_cat":[101],"product_tag":[104,103],"class_list":{"0":"post-3887","1":"product","2":"type-product","3":"status-publish","4":"has-post-thumbnail","6":"product_cat-bileklik","7":"product_tag-aksesuar","8":"product_tag-bileklik","11":"instock","12":"taxable","13":"shipping-taxable","14":"purchasable","15":"product-type-simple"},"_links":{"self":[{"href":"https:\/\/lemienjewelry.com\/index.php?rest_route=\/wp\/v2\/product\/3887","targetHints":{"allow":["GET"]}}],"collection":[{"href":"https:\/\/lemienjewelry.com\/index.php?rest_route=\/wp\/v2\/product"}],"about":[{"href":"https:\/\/lemienjewelry.com\/index.php?rest_route=\/wp\/v2\/types\/product"}],"version-history":[{"count":4,"href":"https:\/\/lemienjewelry.com\/index.php?rest_route=\/wp\/v2\/product\/3887\/revisions"}],"predecessor-version":[{"id":4368,"href":"https:\/\/lemienjewelry.com\/index.php?rest_route=\/wp\/v2\/product\/3887\/revisions\/4368"}],"wp:featuredmedia":[{"embeddable":true,"href":"https:\/\/lemienjewelry.com\/index.php?rest_route=\/wp\/v2\/media\/3888"}],"wp:attachment":[{"href":"https:\/\/lemienjewelry.com\/index.php?rest_route=%2Fwp%2Fv2%2Fmedia&parent=3887"}],"wp:term":[{"taxonomy":"product_brand","embeddable":true,"href":"https:\/\/lemienjewelry.com\/index.php?rest_route=%2Fwp%2Fv2%2Fproduct_brand&post=3887"},{"taxonomy":"product_cat","embeddable":true,"href":"https:\/\/lemienjewelry.com\/index.php?rest_route=%2Fwp%2Fv2%2Fproduct_cat&post=3887"},{"taxonomy":"product_tag","embeddable":true,"href":"https:\/\/lemienjewelry.com\/index.php?rest_route=%2Fwp%2Fv2%2Fproduct_tag&post=3887"}],"curies":[{"name":"wp","href":"https:\/\/api.w.org\/{rel}","templated":true}]}}